igit of h?
2
Let s be 2/24 + 14910/(-72). Let d = s - -261. What is the tens digit of d?
5
Let z = -21 + 23. Let o be ((-28)/(-42))/(z/(-309)). Let k = o + 179. What is the tens digit of k?
7
Suppose -93*a - 83*a = -1970848. What is the hundreds digit of a?
1
What is the tens digit of (-40520)/(-7) - ((-855)/35 - -25)?
8
Let g = 165 - 163. What is the units digit of ((-83)/(-2))/(g/(-112)*-4)?
1
Let a(i) = i**3 - 20*i**2 - 44*i + 3. Let r be a(22). Let s(u) = -2*u. Let n be s(-1). What is the units digit of -2 + (n - r) - -81?
8
Let j(c) = -18*c**2 + 37*c - 2. Let m be j(2). Suppose m = -0*z - 2*z + i + 125, 0 = -5*z - 3*i + 296. What is the tens digit of z?
6
Let v(j) = -298*j - 143. Let b be v(-3). Suppose 2*k + 2*n = -121 + 875, 3*n = -2*k + b. What is the hundreds digit of k?
3
Suppose -d = 4*w + 4, -2*d + 6*w = w - 18. Suppose -d*j + 869 = 5*n, n + 0*n = 5*j + 197. What is the tens digit of n?
7
What is the thousands digit of 14/21*12/16*24214?
2
Suppose 1042*m = 1045*m - 468. Suppose -m*s + 159*s = 2061. What is the units digit of s?
7
Let c be -1127 + (-4)/(4/(-1)). Let o = 1891 + c. Suppose -9*v + o = -0*v. What is the tens digit of v?
8
Let q = -36633 + 69729. What is the thousands digit of q?
3
Suppose 14*a = -5*f + 18*a - 21, -4*a - 24 = 4*f. What is the units digit of (-102)/30 - 2/f - -252?
9
Let s = -275 - -308. What is the thousands digit of (-6)/s + (-18592)/(-11)?
1
Suppose 5*w - 2*w = 2127. Suppose w = 7*d - 68. What is the hundreds digit of d?
1
Suppose 5*r = 6*r. Suppose r = q - 34 - 7. Let o = 133 + q. What is the tens digit of o?
7
What is the tens digit of (35/(-350) - 297/(-20))*694*2?
7
Let j(w) = 5*w - 33. Let y be j(7). What is the units digit of (133/(-38))/((-1)/y)?
7
Let o(a) = -16 - 1 - 8*a - 7*a. Let j(m) = 14*m + 18. Let u(v) = 4*j(v) + 5*o(v). What is the tens digit of u(-7)?
2
Let p = 6823 + -5119. What is the units digit of p?
4
Suppose 4*t - 3*m = 19360, 2*m + 8852 + 826 = 2*t. What is the tens digit of t?
4
Let y = 1114 - 1110. Let c(n) = 4*n**2 - 5*n**2 - n**2 + 3*n**2 - 2*n + 12. What is the units digit of c(y)?
0
Let m(d) = 146*d + 1. Let v be (2 - (-36)/(-8))*-2. What is the units digit of m(v)?
1
Suppose 0 = 5*t + 4*l - 127866, 155*t - 159*t - 2*l = -102300. What is the tens digit of t?
7
Suppose -104*z + 876946 - 249722 = 0. What is the hundreds digit of z?
0
Let q(s) = 1852*s**2 + 88*s + 14. What is the tens digit of q(4)?
9
Suppose 3*s = 6 + 6. Let f be (-320)/(-56) - 6 - 814/(-7). Suppose 8*z - s*z = f. What is the units digit of z?
9
Suppose 6*j = -2*j + 27352. Suppose -9*g + j = 314. Let f = -184 + g. What is the tens digit of f?
6
Let i(h) = -130*h + 216. Let l be i(-10). Suppose 2*g = 6*f - 3*f - 1117, 4*f + 4*g = l. What is the tens digit of f?
7
Let v be 257 - (-4 + 3 + -2 + 7). Let i = 736 - v. What is the tens digit of i?
8
Suppose -60*j = -49*j - 28853. Let a = j + -1872. What is the units digit of a?
1
Suppose -a = -3*a - 10, 3*h + 2*a - 110 = 0. What is the units digit of (8/h - 591/(-15))*5?
8
Let b be (15504/170)/(1 - 11/10). Let t = b + 1424. What is the units digit of t?
2
Let h(g) = 38*g. Let j be h(1). Let r = j + -3. What is the units digit of 2390/r - 0 - (-2)/(-7)?
8
Let l = -8690 + 17535. What is the hundreds digit of l?
8
Suppose 0 = 3*m + 8*h - 110987, 6*h + 110896 = 3*m + h. What is the thousands digit of m?
6
Let l(h) = -63*h**2 + 6*h + 5. Let f(w) = -9*w**2 + w. Let z(j) = 5*f(j) - l(j). Let x(k) = 5*k - 1. Let p be x(1). What is the tens digit of z(p)?
7
Suppose -5744 = -20*y + 24956. Let v = -726 + y. What is the hundreds digit of v?
8
Suppose 10 + 30 = 2*u + 4*h, -h = -5. What is the tens digit of 1 + u/2 + 59?
6
Let v(y) = 18*y - 18. Let k = -3 + -1. Let a be v(k). Let g = a + 149. What is the tens digit of g?
5
Let g(i) = 3*i**2 + 1. Let m be 1 - -1 - (-3 + 5). Let c be (m - 8/(-4)) + -1. What is the units digit of g(c)?
4
Let d = -416 - -416. Suppose 0 = -3*w - d*w - r + 1580, 0 = -5*r + 10. What is the hundreds digit of w?
5
Let a be 3/18 + 8/((-144)/273). Let h = 15 - a. What is the units digit of h?
0
Suppose 10*c + 4*c - 238 = 0. Suppose 0 = 20*t - c*t - 432. What is the hundreds digit of t?
1
Let d be -7*6*(-5)/70. Suppose 5*p + 174 = 3*s, d*s - 42 = p - 0*p. Let q = 295 + p. What is the tens digit of q?
6
Suppose 18*p - 15*p - 15333 = 4*w, 10188 = 2*p + 3*w. What is the units digit of p?
3
Let j be 1/(-2)*0/(28/(-7)). Let m(u) be the third derivative of 5*u**4/24 + 197*u**3/6 + 16*u**2. What is the hundreds digit of m(j)?
1
Let p be -135 - -1*(-9 + 4). What is the hundreds digit of (-41540)/p + (-3)/((-42)/4)?
2
Let o = 13129 - 4869. Suppose 12*g = -2*g + o. What is the units digit of g?
0
Let y = 109 + -71. Let x = -40 + y. What is the units digit of x/(-4)*((-42)/(-3) + 0)?
7
Let x = 66 - 92. Let i be 3/4 + x/(-8). What is the units digit of 17/(1 + 0) + i?
1
Let v(y) = 24*y + 108. Let p be v(-12). Let d = p + 995. What is the tens digit of d?
1
Let o(v) = -v**3 + v**2 + 2*v + 676. Let b be (-54)/297 + -1*(-4)/22. What is the units digit of o(b)?
6
Let v(o) = -31*o + 27. Let y be v(3). What is the units digit of (-25860)/y + 5 - (-4)/22?
7
Let x be (-7)/56 + 9/72. Suppose x = 13*w - 510 - 2740. What is the tens digit of w?
5
Suppose 0 = 226*c - 234*c + 16. Suppose 3*f + 5*b - 594 = 0, -c*f = -0*f - 2*b - 380. What is the units digit of f?
3
Suppose 0 = -k - 2*m - 124, -485 + 2 = 4*k - 5*m. Let a = 372 + k. Suppose 0 = 4*y + q - a, -5*q + 10 = -5*y + 310. What is the units digit of y?
2
Let r = -4865 + 8763. What is the tens digit of r?
9
Let a = -354 + 357. Suppose 3*c - 188 = -2*k - 3*k, -4*c - a*k = -258. What is the units digit of c?
6
Let u(y) be the first derivative of 512*y**3/3 - y**2/2 + 2*y - 12. Let x be u(1). Suppose -3*a = j - 57, -160 + x = 5*j - 2*a. What is the units digit of j?
9
Let w(v) = -v**3 - 5*v**2 - 10*v - 13. Let h be 12*8/(-28)*7/4. What is the units digit of w(h)?
3
Suppose -q = 5*x - 6373, -x = 2*q - 2*x - 12724. What is the thousands digit of q?
6
Let q = 55356 - 22864. What is the units digit of q?
2
Suppose -273*b + 1562622 = 122547. What is the tens digit of b?
7
Let s(n) = -3231*n**3 - 4*n**2 + 7*n + 18. What is the tens digit of s(-2)?
3
Let j = -38483 - -54581. What is the thousands digit of j?
6
Let d = -18233 + 37221. What is the thousands digit of d?
8
Suppose 60930 = 4*v + 2*t, -194*v + 189*v + 76143 = -4*t. What is the thousands digit of v?
5
Let h be -45*15/(135/(-2)). Suppose 3*c = -12*q + h*q + 2916, 4*q = -5*c + 4862. What is the tens digit of c?
7
Let p be (-3 - -585)/6*28. What is the tens digit of (-9)/(-6)*p/6?
7
Let v(n) be the second derivative of -11*n**3/2 + 3*n**2/2 - 5*n. Let c be v(-1). Suppose 4*j - c + 20 = 0. What is the units digit of j?
4
Let p = -85 + -214. Let i = 912 + p. What is the tens digit of i?
1
Suppose -20 = 6*c - 10*c. Suppose -2845 = -4*r + 3*y - 1058, 0 = 5*r - c*y - 2235. What is the units digit of r?
6
What is the ten thousands digit of 16 - 4*433706/(-28)?
6
Let s(r) be the second derivative of -17*r**3/3 + 107*r**2/2 - 6*r + 21. What is the hundreds digit of s(-32)?
1
Let d(b) = b**2 + 2*b - 39. Suppose -3*t + 2*k = 3*k + 23, 5*k - 18 = 4*t. Let v be d(t). What is the hundreds digit of (-10)/v*((-331)/(-5) - 1)?
1
Let r = -39 + 41. Let g(p) = -108*p + 99*p + p**r - 2*p**2 + 2. What is the units digit of g(-7)?
6
Let s = -496 - -461. Let a(r) = -56*r**3 - 2*r**2 + 2*r - 1. Let o be a(1). Let j = s - o. What is the units digit of j?
2
Suppose 0 = 3*g + 6 - 33. Let n be 5*g/15 + (0 - 1). Suppose 2*c - 189 = 3*j, -72 = -n*c - 5*j + 109. What is the tens digit of c?
9
What is the units digit of (-29900)/(-7) + (-102)/238?
1
Let g(h) = h**2 + 41*h + 428. What is the tens digit of g(51)?
2
Let s be -36*(-20)/(-15)*-18. Suppose s = 3*u - 1026. What is the tens digit of u?
3
Let l = 28 - -2119. What is the hundreds digit of l?
1
Let d(t) = 2*t**3 - 11*t**2 + 17*t - 187. What is the units digit of d(12)?
9
Let m be (-28)/(-8) + 0 + 6/(-4). Suppose 3*q - p + 32 = 0, q + 2*p + 15 = -m*p. Let o(j) = -18*j - 16. What is the hundreds digit of o(q)?
1
Let d be -3 - (-96522)/(-3 + -3). What is the hundreds digit of (-10)/(-35) + d/(-35)?
4
Let r(b) = 5*b**3 + 3*b**2 - 9*b + 11. Let g be r(2). 